he prime factors of 571781931?
3, 7, 47, 82759
What are the prime factors of 820684464?
2, 3, 1877, 9109
List the prime factors of 57081148.
2, 1009, 14143
What are the prime factors of 47031723?
3, 43, 53, 2293
List the prime factors of 52339443.
3, 13, 751, 1787
What are the prime factors of 1255967148?
2, 3, 29, 3609101
What are the prime factors of 503681816?
2, 11, 1459, 3923
What are the prime factors of 16548960?
2, 3, 5, 23, 1499
What are the prime factors of 660638813?
660638813
What are the prime factors of 564570608?
2, 7, 29, 101, 1721
What are the prime factors of 40529206?
2, 53, 382351
What are the prime factors of 22030277?
22030277
What are the prime factors of 50280650?
2, 5, 7, 19, 7561
List the prime factors of 444027825.
3, 5, 73091
List the prime factors of 605547759.
3, 613, 329281
List the prime factors of 3572109.
3, 73, 5437
What are the prime factors of 6460233?
3, 13, 151, 1097
List the prime factors of 24173566.
2, 12086783
What are the prime factors of 145956324?
2, 3, 59, 206153
What are the prime factors of 107994453?
3, 7, 23, 37, 6043
What are the prime factors of 109869177?
3, 11, 31, 211, 509
List the prime factors of 53953444.
2, 17, 467, 1699
What are the prime factors of 14501110?
2, 5, 13, 331, 337
List the prime factors of 582089868.
2, 3, 5389721
List the prime factors of 923504776.
2, 115438097
What are the prime factors of 47176683?
3, 17, 925033
What are the prime factors of 27320872?
2, 23, 148483
List the prime factors of 234187509.
3, 4003, 19501
What are the prime factors of 60077914?
2, 13, 2310689
List the prime factors of 84801258.
2, 3, 4711181
List the prime factors of 381141783.
3, 11, 409, 9413
What are the prime factors of 118860639?
3, 1747, 22679
List the prime factors of 1496017233.
3, 79, 2104103
List the prime factors of 419093230.
2, 5, 41909323
List the prime factors of 29058789.
3, 1933, 5011
What are the prime factors of 312839036?
2, 433, 180623
List the prime factors of 268002945.
3, 5, 7, 283601
List the prime factors of 2121977716.
2, 59, 8991431
What are the prime factors of 1573580149?
6673, 235813
List the prime factors of 247909320.
2, 3, 5, 688637
List the prime factors of 234189943.
13, 17, 1059683
List the prime factors of 64047654.
2, 3, 11, 323473
What are the prime factors of 508937711?
12049, 42239
What are the prime factors of 474605984?
2, 167, 88811
List the prime factors of 178788259.
13, 13752943
What are the prime factors of 25434160?
2, 5, 19, 29, 577
List the prime factors of 50353495.
5, 397, 25367
What are the prime factors of 36467427?
3, 79, 153871
List the prime factors of 2434907799.
3, 8161, 33151
What are the prime factors of 191949615?
3, 5, 11, 13, 61, 163
What are the prime factors of 3706550172?
2, 3, 13, 19, 71, 103
What are the prime factors of 139963756?
2, 293, 307, 389
What are the prime factors of 6973936?
2, 41, 10631
List the prime factors of 167882234.
2, 13, 43, 11551
List the prime factors of 214205667.
3, 13, 1327, 4139
What are the prime factors of 888594?
2, 3, 7, 21157
What are the prime factors of 161411729?
161411729
What are the prime factors of 3615240103?
3615240103
What are the prime factors of 48482955?
3, 5, 59, 2029
List the prime factors of 12914972.
2, 7, 31, 14879
What are the prime factors of 1282667209?
4861, 263869
What are the prime factors of 133775843?
23, 5816341
What are the prime factors of 731684684?
2, 157, 1165103
List the prime factors of 578595874.
2, 43, 653, 10303
What are the prime factors of 1765789797?
3, 43, 13688293
List the prime factors of 658322978.
2, 41, 179, 44851
List the prime factors of 560420369.
23, 24366103
What are the prime factors of 58376484?
2, 3, 23, 71, 331
List the prime factors of 94583033.
94583033
What are the prime factors of 670694756?
2, 19, 61, 144671
List the prime factors of 1083851880.
2, 3, 5, 9032099
What are the prime factors of 2549881729?
23, 769, 144167
List the prime factors of 3633952288.
2, 113561009
List the prime factors of 24896132.
2, 6224033
What are the prime factors of 9252977783?
7, 233, 701, 8093
What are the prime factors of 54413894?
2, 2309, 11783
List the prime factors of 86041190.
2, 5, 8604119
List the prime factors of 1072139829.
3, 67, 1277, 4177
List the prime factors of 852385324.
2, 7, 709, 42937
List the prime factors of 85425383.
1471, 58073
What are the prime factors of 82132486?
2, 67, 612929
What are the prime factors of 83269290?
2, 3, 5, 13, 89, 2399
List the prime factors of 31038479.
31038479
What are the prime factors of 418980601?
13, 733, 43969
What are the prime factors of 397160274?
2, 3, 7, 23, 197, 2087
List the prime factors of 10918795.
5, 53, 41203
List the prime factors of 127112412.
2, 3, 7, 757, 1999
List the prime factors of 117036330.
2, 3, 5, 17, 13499
List the prime factors of 2370438461.
19, 124759919
List the prime factors of 1624083578.
2, 13, 29, 223, 743
What are the prime factors of 73386909?
3, 17, 67, 7159
What are the prime factors of 8065742970?
2, 3, 5, 211, 1274209
List the prime factors of 951547516.
2, 41, 43, 59, 2287
List the prime factors of 1995234711.
3, 4751, 139987
List the prime factors of 7228949128.
2, 23, 43, 499, 1831
What are the prime factors of 1352914653?
3, 450971551
What are the prime factors of 834270182?
2, 241, 1730851
List the prime factors of 1614537837.
3, 11, 3769, 4327
List the prime factors of 1211262290.
2, 5, 7, 2411, 7177
List the prime factors of 139127864.
2, 17, 827, 1237
What are the prime factors of 8323081?
13, 17, 2897
List the prime factors of 1005435947.
17, 109, 542599
List the prime factors of 1808223025.
5, 7, 31, 149, 2237
What are the prime factors of 68979687?
3, 7, 3284747
List the prime factors of 1937332509.
3, 7, 89, 1036561
What are the prime factors of 1229058690?
2, 3, 5, 17, 233, 10343
List the prime factors of 588121106.
2, 971, 302843
List the prime factors of 5219270107.
1019, 5121953
What are the prime factors of 256289628?
2, 3, 7, 59, 51713
What are the prime factors of 32352759?
3, 67, 53653
What are the prime factors of 636806067?
3, 97, 127, 17231
What are the prime factors of 835675209?
3, 92852801
What are the prime factors of 19339221?
3, 11, 586037
What are the prime factors of 141511352?
2, 107, 165317
What are the prime factors of 413299904?
2, 6457811
List the prime factors of 463211886.
2, 3, 17, 647, 7019
What are the prime factors of 815029311?
3, 23, 29, 407311
List the prime factors of 201314874.
2, 3, 73, 459623
What are the prime factors of 460944625?
5, 3687557
List the prime factors of 75164558.
2, 7, 5368897
What are the prime factors of 123203682?
2, 3, 7, 59, 16573
What are the prime factors of 70590082?
2, 23, 179, 8573
List the prime factors of 389019605.
5, 13, 5984917
What are the prime factors of 459980291?
19, 167, 144967
List the prime factors of 1574312702.
2, 787156351
What are the prime factors of 1994942430?
2, 3, 5, 13, 19, 43, 2087
What are the prime factors of 62184328?
2, 863, 9007
List the prime factors of 36685166.
2, 7, 2620369
List the prime factors of 15907836.
2, 3, 7, 31, 41, 149
List the prime factors of 2498421380.
2, 5, 7, 13, 1372759
List the prime factors of 59869632.
2, 3, 311821
What are the prime factors of 48945247?
13, 3765019
List the prime factors of 126733856.
2, 3960433
What are the prime factors of 94590007?
23, 4112609
List the prime factors of 51430853.
19, 619, 4373
What are the prime factors of 1119234713?
1119234713
List the prime factors of 1105907291.
1105907291
What are the prime factors of 234018789?
3, 78006263
What are the prime factors of 9658193607?
3, 47, 1861, 12269
What are the prime factors of 45719031?
3, 15239677
List the prime factors of 48892677.
3, 43, 379013
List the prime factors of 99105051.
3, 1087, 30391
List the prime factors of 797397078.
2, 3, 132899513
List the prime factors of 36411815.
5, 11, 61, 10853
What are the prime factors of 57368050?
2, 5, 107, 10723
List the prime factors of 1044867984.
2, 3, 769, 28307
What are the prime factors of 68360178?
2, 3, 11393363
What are the prime factors of 3474226169?
26641, 130409
List the prime factors of 1023393662.
2, 191, 2679041
What are the prime factors of 231767167?
2621, 88427
List the prime factor